of 18 and d.
9
Let v = 38 - 64. Let l = v - -73. What is the highest common factor of 188 and l?
47
Let f = 3274 + -2897. Calculate the highest common factor of f and 13.
13
Let q = 34 + 187. Let r = 247 - q. Suppose -2*f + 164 = -4*k, 2*f + 316 = 6*f - 2*k. What is the highest common factor of f and r?
26
Suppose 27*y - 21*y - 773760 = -59*y. What is the greatest common factor of y and 93?
93
Let b be 436 + 12/3 + (-28)/7. Suppose -4*t + 544 - b = 0. Calculate the greatest common factor of 108 and t.
27
Suppose 0 = 111*z - 112*z + 183. Suppose -273 = -y - z. Calculate the highest common factor of y and 135.
45
Suppose -4*h + f + 40 = 11, 2*h + 5*f + 13 = 0. Calculate the highest common divisor of h and 64.
2
Suppose t = -3*b + 157, -8*b + 0*b + 400 = 5*t. What is the highest common divisor of 671 and b?
11
Suppose -u = -i - 3, -4*i = 3*u + i - 1. Suppose u*q + 36 = 11*q. Calculate the greatest common divisor of q and 2.
2
Let m(c) = -17*c + 19. Suppose -28 = -5*g + 3*g. Suppose -g + 1 = o. Let j be m(o). What is the greatest common factor of j and 24?
24
Let b(n) = 26*n**2 - n - 2. Let g be b(-1). Suppose 22*p + 51 = g*p. Let c be (-1 + -1)*119/(-2). What is the highest common divisor of p and c?
17
Let u(i) = i + 46. Let g(v) = v + 46. Let p(t) = -5*g(t) + 6*u(t). Let w be p(-15). Suppose -w*y + 32*y = 8. Calculate the highest common factor of 104 and y.
8
Let g be (-2)/12 + (-14677)/(-78). Let v = 251 - g. What is the greatest common divisor of v and 45?
9
Suppose 5*w = 2254 - 104. Let k = -418 + w. Calculate the highest common divisor of k and 540.
12
Let r be (-69)/(-2) - (-1)/2. Suppose 0 = -114*i + 99*i + 5250. Calculate the highest common divisor of i and r.
35
Let u(n) = -n**3 + n**2 + 6. Let y be u(0). Let t = -2405 + 2417. What is the highest common divisor of y and t?
6
Let c be (-6)/18 - (-25)/(-15). Let h be (c/(-7))/(-1 - 400/(-392)). Calculate the greatest common factor of 49 and h.
7
Let f be ((-2)/(-4)*(-6)/1)/(18/(-48)). What is the highest common factor of 940 and f?
4
Suppose 15612 = 82*t - 36625 - 32633. Calculate the highest common divisor of 3330 and t.
45
Suppose 5*h - 1 = 134. Suppose -h = -2*b - 121. Let v be b/(-4) - (-1)/4. Calculate the highest common divisor of v and 84.
12
Let b(c) = -181*c - 707. Let t be b(-4). What is the highest common factor of t and 3281?
17
Let s(l) = -4*l - 17. Let i be s(-5). Suppose -i*p - d = -28, -29*d - 12 = -32*d. Calculate the greatest common factor of p and 28.
4
Let l be 5 + 5 - 56/7. Suppose 0 = 4*z + l*r - 1258, 10*r = 5*r + 25. Calculate the greatest common factor of 96 and z.
24
Suppose -2*m - 2*d + 2638 = 0, -3*m + 3915 = -5*d - 74. Calculate the greatest common divisor of 756 and m.
189
Suppose -209 + 49 = -4*w. Suppose -u + 909 = 3*z, -2*u - 2*z = -1260 - 538. Let j = u - 878. Calculate the highest common factor of w and j.
8
Let s(m) = -322*m + 1420. Let b be s(4). Calculate the highest common factor of 48 and b.
12
Suppose -24*a - 12*a = -44*a + 1176. Calculate the greatest common divisor of a and 10437.
147
Suppose -6 = 5*u + 29, -8998 = -3*r + 4*u. Calculate the greatest common divisor of 13 and r.
13
Let g = -7002 - -7354. What is the greatest common divisor of g and 44?
44
Suppose 4*b - 2452 = -4*y, 1920 - 682 = 2*y + 5*b. Calculate the greatest common factor of 525 and y.
21
Let d be (1 - 1) + (-1 - (-3 + -11)). Suppose -67 - 89 = -d*v. What is the highest common divisor of 124 and v?
4
Let j(p) = -p**3 - 3*p**2 - 8*p + 1. Let u be j(6). Let t = u + 396. What is the greatest common factor of t and 125?
25
Suppose -15*l = -17*l. Suppose l = a - 10. Let k = a - -30. What is the greatest common factor of k and 8?
8
Let w be 17 + 384 + (2 - 3 - 2). Let z = w + -342. Calculate the highest common factor of z and 32.
8
Let r = -7 + 13. Suppose -17*i + 19*i + r = 0. Let l be ((-5)/i)/(7/273). What is the highest common factor of l and 26?
13
Let y be 4 - (-1 + 0)/1. Let b be 88/y + 2/5. Let l(o) = o**3 - 100*o**2 + 732*o + 386. Let a be l(92). Calculate the greatest common divisor of a and b.
18
Let r(w) = -13*w + 22. Let a be r(4). Let c be a/15 - (-3)/1. Let m(l) = -6*l + 41. Let q be m(6). What is the greatest common factor of q and c?
1
Let l = 487 - 500. Let z be (-743)/l + 8*3/(-156). Calculate the greatest common factor of 114 and z.
57
Suppose -5*l - 5 = 0, 2*l = 4*y - 0*y + 466. Let h = -75 - y. Let z = 21 - 7. What is the highest common divisor of h and z?
14
Let c be 120/(((-42)/(-4))/7). Let d be -5 - (-96)/4 - (-93 + 80). What is the highest common factor of c and d?
16
Let o = -34 + 17. Let s(q) = q**2 + 14*q - 17. Let l be s(o). Suppose 2*k - 4*v + v = 31, 0 = -4*k + 5*v + 63. What is the highest common divisor of k and l?
17
Let g be ((-823053)/(-168))/7 + 4/32. What is the greatest common factor of 455 and g?
35
Suppose -4*o + 2*t + 104 + 38 = 0, 2*o = 5*t + 91. What is the highest common divisor of 120 and o?
3
Let z be ((-4)/(-8))/((-1)/(-12)). Suppose -375 = 4*d - 9*d. Suppose 8 = 4*n, -5*w - 4*n = -8 - d. Calculate the highest common factor of z and w.
3
Suppose 23*y + 48*y - 2350 = 1484. Calculate the highest common divisor of 384 and y.
6
Let u be (8/6)/(1/(-3)). Let h(i) = -i + 62993*i**2 - 8 - 62991*i**2 + i. Let z be h(u). What is the highest common factor of z and 3?
3
Suppose 35*d = -255*d + 3611950. What is the highest common divisor of 235 and d?
235
Let u be 5/2 + (-5464)/(-16). Suppose u = 11*v - 327. What is the greatest common factor of 244 and v?
61
Let m be (-12)/22 - (-4158867)/2497. What is the highest common factor of 180 and m?
45
Suppose -24850 + 9282 = -16*t + 24416. Calculate the greatest common divisor of t and 147.
147
Let n be (28/6)/(1/6). Let m(f) = 5*f**2 + 17*f + 49. Let b be m(-5). Suppose 3*z = 6*z - a - b, -3*a + 97 = 4*z. What is the greatest common factor of n and z?
28
Suppose 4*s - 916 = -2*p, 0 = 2*s + 10*p - 8*p - 456. Calculate the greatest common divisor of 370 and s.
10
Suppose -9 = 3*w, -285 + 3442 = 2*j + w. Calculate the highest common divisor of 40 and j.
20
Let p = -1244 + 1652. Calculate the highest common divisor of p and 168.
24
Suppose 2*a + 2*a = t - 363, -2*t = 2*a - 676. Let x = t - 313. What is the greatest common divisor of 285 and x?
15
Suppose -575*p = -565*p - 42150. Calculate the highest common divisor of 15 and p.
15
Let j = -7498 - -7580. What is the greatest common factor of j and 328?
82
Suppose 0 = -221*o + 219*o - 1416. Let h = o + 727. What is the greatest common divisor of h and 152?
19
Let q(n) = 2215*n**3 + 2*n**2 + 2*n - 26. Let u be q(2). Calculate the highest common divisor of u and 39.
39
Let x = 44 - 26. Let g(i) = 81*i**3 + 2*i - 3. Let f be g(1). Let u = -53 + f. Calculate the highest common factor of x and u.
9
Suppose 5*l + l = -6*l. Let m(b) = -b**2 - b + 331. Let h be m(l). Suppose 0 = 3*g - h - 53. Calculate the greatest common divisor of 32 and g.
32
Suppose 0*w = -5*w - 2*i + 25139, -4*w + 20125 = -3*i. What is the greatest common divisor of w and 107?
107
Suppose -5*r + 91 = w, 3*w - 2*r - 178 = 2*r. Suppose 5*y + 38 + 37 = 0. Let z be 12/(-4) - y/6*10. What is the greatest common factor of w and z?
22
Suppose -3*b + 147*b - 3195 = -69*b. Calculate the highest common factor of b and 795.
15
Let r = 142 - 140. Suppose 5*i = r*m + 125, 5*i - m = 110 + 10. What is the greatest common divisor of 4 and i?
1
Let t = -3964 + 4244. What is the highest common factor of 2408 and t?
56
Let k = 143613 + -143107. Let q(m) = 4*m**3 - 2*m**2 - m. Let h be q(2). What is the greatest common factor of h and k?
22
Let l(i) = 67*i**2 + 90*i - 367. Let r be l(4). What is the greatest common factor of r and 426?
213
Let r(m) = -29822*m - 884. Let a be r(-1). What is the highest common factor of 91 and a?
91
Let d(q) = q**3 - 4*q**2 - 8*q - 34. Let o be d(6). Let f(j) = -j**3 - 6*j**2 + 17*j + 40. Let c be f(o). Calculate the highest common factor of c and 18.
18
Let f = -7082 - -7199. What is the highest common divisor of 153 and f?
9
Let v be ((-343)/(-7))/7*(-2)/7. Let o(k) = -23*k**3 + k**2 - 3*k - 5. Let j be o(v). What is the highest common factor of 7 and j?
7
Let a be 5428/6 + ((-63)/135 - (-18)/10). What is the greatest common divisor of a and 2114?
302
Let z(j) = -j**3 - 84*j**